 p(-2). Suppose -5*f + 2782 = 3*h - 1295, -f = 3*h - q. What are the prime factors of f?
3, 271
Let j be (8*1 - 2)*(-132)/8. Let t = 102 + j. Suppose -7*p + 4*p + t*d + 246 = 0, p + 3*d - 74 = 0. What are the prime factors of p?
2, 5
Let j = 1677 - 547. Suppose -3*i + 3385 = -2*d, -6*d + 7*d = i - j. List the prime factors of i.
3, 5
Let y(v) = v**3 - 14*v**2 + 17*v - 32. Let t be y(14). Suppose -2*d = -s - t, d = -3*d + s + 410. Let u = d - 57. List the prime factors of u.
3, 5
Let w(x) be the first derivative of 8/3*x**3 - 1/4*x**4 - 14*x + 10 + 8*x**2. What are the prime factors of w(7)?
3, 7
Suppose 0 = -0*r - r + 16. Suppose 4*k + 11 = 5*o, -2*k + 6*k + r = 0. What are the prime factors of ((-1411)/(-85))/(o/(-5))?
83
Let b = -259 - -367. Let a = 403 + b. What are the prime factors of a?
7, 73
Suppose -5*v + 25 = 0, u + v - 5490 = 3508. List the prime factors of u.
17, 23
Let n = -93763 + 177674. What are the prime factors of n?
83911
Suppose -7*r = -5*r - 36. Let u be 12/r - (-938)/(-3). Let z = 451 + u. What are the prime factors of z?
139
Suppose -159943 = -132*x - 24775. List the prime factors of x.
2
What are the prime factors of (3555/790)/(1/5588*3)?
2, 3, 11, 127
Suppose 68492 = 3*y - 9*v + 4*v, -v - 91351 = -4*y. List the prime factors of y.
3, 23, 331
Let s(w) = -6146*w - 3304. List the prime factors of s(-6).
2, 7, 11, 109
Let p(f) = f - 20. Let x be p(22). Suppose -4*i = v - 21, x*v = -0*v + 5*i - 10. Suppose -n + 172 = 3*c, 3*c - v*c + 168 = n. What are the prime factors of n?
2, 5
Let z = -541 - -8327. List the prime factors of z.
2, 17, 229
Let h(a) = 677*a + 22. Suppose 3*c + 703 - 706 = 0. List the prime factors of h(c).
3, 233
Let w(a) = 110*a - 1502. What are the prime factors of w(125)?
2, 1531
Let n(h) = 572*h**2 - 593*h + 4826. What are the prime factors of n(8)?
2, 3, 5, 1223
Let v = -2265 - -4273. Suppose -4*j - 612 + v = 0. List the prime factors of j.
349
Let v = 67 + -50. Suppose 0 = -20*r + v*r - 3. What are the prime factors of -5 + r/(4/(-460))?
2, 5, 11
Suppose 0 = 256*q - 8921548 - 10732767 + 3563179. List the prime factors of q.
2, 3, 97
Let s = 10 + -5. Let t = -183 - -486. Suppose -482 = -s*a + t. What are the prime factors of a?
157
Let a(s) = -s**3 + 2*s**2 + 2*s + 2. Let z be a(3). Let d be (63 - z) + (-1)/(-1). Let j = d - 37. List the prime factors of j.
2, 7
Let u(y) = -y**3 - y + 2. Let m be u(1). Suppose 3*r + m*r = 4*a - 109, a - 40 = 5*r. Let n = -2 + a. What are the prime factors of n?
23
Suppose b = v - 19, 3*b + 2*b - 66 = -2*v. Suppose -4*s + v = 15. Suppose 3*i - s*a - 460 = 89, i + 3*a = 172. List the prime factors of i.
181
Let y(j) = 4*j**3 + 35*j - 210. What are the prime factors of y(6)?
2, 3
Let m = 101 - -35. Suppose 5*d - d + m = 0. Let b = 80 + d. List the prime factors of b.
2, 23
Suppose -16 = -15*b + 11*b. List the prime factors of (-11 - 1)*-81*b/16.
3
Suppose 2*i - 8*i - 12 = 0. Let t be (-65)/20*(i - 2). Suppose 3*s + 3*c - 162 = 0, -5*c - 85 = -s - t. List the prime factors of s.
3, 19
Let c = 4128 - 962. What are the prime factors of c?
2, 1583
Let h(n) = 2*n**2 - 38*n - 27. Suppose -4*b + v = -69 - 47, 2*v + 120 = 4*b. List the prime factors of h(b).
3, 53
List the prime factors of (7/14)/((-15)/(-764070)).
25469
Let z(p) = 85*p - 101. Let b be ((63/(-4))/9)/(4/(-16)). What are the prime factors of z(b)?
2, 13, 19
Let j(v) = -v**3 - 41*v**2 - 113*v - 166. List the prime factors of j(-49).
3, 2731
Suppose 66*h = 61*h + 67710. Suppose -28*z - 18 = -h. What are the prime factors of z?
3, 7, 23
What are the prime factors of (0 - 1) + 6 + 6774 + 42?
19, 359
Let c = 45277 + -30732. What are the prime factors of c?
5, 2909
Suppose -5*j = -3*l - j - 138, -4*j = l + 30. What are the prime factors of l/10*((-3 - -7) + -79)?
3, 5, 7
Suppose 11*f = 35*f - 309504. List the prime factors of f.
2, 13, 31
Let v = -21124 + 37723. What are the prime factors of v?
3, 11, 503
Let r = -22679 + 42894. List the prime factors of r.
5, 13, 311
Let r(t) = t + 16. Let f be r(-24). Let u = f + 29. Suppose -3990 = -0*x - u*x. List the prime factors of x.
2, 5, 19
Let p = 23526 - -22050. What are the prime factors of p?
2, 3, 211
Suppose 3*b + 2*b = 3*b. Suppose 3*r - 5*i - 381 = b, 6*i - 543 = -4*r + i. Suppose -w - 3*a + r = 0, w - 5*a = 217 - 53. List the prime factors of w.
2, 3
Let p(q) = -2*q**3 - 37*q**2 - 20*q - 26. Let v be p(-18). Suppose 5*g - 5*u + 20 = 0, -v = 5*g - g + 2*u. List the prime factors of 1/g*(-1 + -2) - -78.
79
Let c(k) = -4 - 3*k - k + 10 - 3. Let g be c(0). Suppose 2*z + g*d - 15 = -3*z, 4*z - 12 = 3*d. What are the prime factors of z?
3
Let f(h) = -2*h + 10*h - 25 - 31*h**2 - 30*h**2 + 62*h**2. List the prime factors of f(-16).
103
Let o(q) = 2*q**3 - 3*q**2 - 6*q + 11. Let m(p) = p**3 - 16*p**2 + 4. Let j be 292/18 + (-1 - (-14)/18). Let a be m(j). What are the prime factors of o(a)?
67
Suppose -12*h + 245732 + 48592 = 0. What are the prime factors of h?
24527
Suppose -36*w + 510 = -53*w. Let z(b) = -6*b + 382. List the prime factors of z(w).
2, 281
Let p(g) = 3*g**3 + 100*g - 87*g - 3*g**2 - 9 + 0*g**3. What are the prime factors of p(6)?
3, 7, 29
Suppose 0*z = -2*z - 4. Let a(g) = -9*g**3 - 20*g - 2 - 33*g + 50*g. List the prime factors of a(z).
2, 19
Let m be 4452/186 - 2/(-31). Suppose 30*c - m*c = 11334. What are the prime factors of c?
1889
Let i(r) = -r**2 + 10*r**2 - 8*r**2 + 41 - 21*r. Let v be i(19). Suppose 5*k + 5*t = -0*t + 650, 5*k = -v*t + 658. List the prime factors of k.
2, 67
Suppose -18828 = -2*r + 4*k, 0 = 3580*k - 3582*k + 6. What are the prime factors of r?
2, 3, 5, 157
Suppose 0 = -2*y - 5*y - 462. Let a be (-12)/9 - (3 + y/9). Suppose -a*l = 3*l - 834. What are the prime factors of l?
139
What are the prime factors of 38846 + 399/(12 - -7)?
38867
Suppose -h - 3*l = h - 4247, 8496 = 4*h + 4*l. Suppose 14*n - 1137 = h. List the prime factors of n.
233
Let l(w) be the first derivative of w**4/2 - 5*w**3/3 + 5*w**2/2 + 18*w + 9. What are the prime factors of l(7)?
2, 13, 19
Suppose 2*k = 24769 + 4939. List the prime factors of k.
2, 7, 1061
Let f = 39391 - -4403. What are the prime factors of f?
2, 3, 811
Suppose -108 = 5*f - 41*f. Suppose f*j = c - 653 + 101, 0 = c + j - 540. What are the prime factors of c?
3, 181
Let x(q) = -7935*q**3 + 2*q**2 - 7*q + 4. Let f be x(1). What are the prime factors of (5 + f)/(-11) + -3 + 0?
2, 359
Suppose 6*r = 5976 + 14592. What are the prime factors of r?
2, 857
Suppose -13*l + 7187 = -38131. Suppose -3126 = -12*w + l. What are the prime factors of w?
19, 29
Let s = -2283 + 4550. What are the prime factors of s?
2267
Let g = 1568 - 3719. Let f = -1127 - g. List the prime factors of f.
2
List the prime factors of (-232240)/(-45) - -3 - (1 - (-50)/(-45)).
2, 1291
Let w(k) = k**2 + 16*k - 29. Let n be w(14). Suppose -4*f + 3*g + 1639 = 0, f - 3*g - n = -6*g. List the prime factors of f.
2, 7, 29
Suppose 35*s - 31*s - 12304 = -4*r, -4*s - 3*r + 12304 = 0. List the prime factors of s.
2, 769
Let i = 16662 - 2376. What are the prime factors of i?
2, 3, 2381
Suppose 44*c - 355973 - 562571 = -44*c. List the prime factors of c.
2, 17, 307
Let w(x) = 7*x - 35. Let y be w(5). Suppose y = -2*j + 304 + 188. List the prime factors of j.
2, 3, 41
List the prime factors of 17/(21 - 38) - -52622.
101, 521
Suppose 4*k = 2*h - 3760, -2*h + 5*k + 1452 = -2308. Suppose -13*n + 8289 - h = 0. List the prime factors of n.
17, 29
Let d(p) = 2*p + 1. Let i(v) = 72*v + 13. Let x(s) = d(s) + i(s). List the prime factors of x(5).
2, 3
List the prime factors of (3/(60/(-36764)))/(1/(-5)).
7, 13, 101
What are the prime factors of (-88)/(-24) - 269394/(-18)?
2, 3, 5, 499
What are the prime factors of (2349/(-3132))/((-3)/169552)?
2, 10597
Let v(l) = 2433*l + 1251. List the prime factors of v(13).
2, 3, 5, 137
Let x(y) be the first derivative of -25*y**4/2 + 2*y**3/3 + 3*y**2 + 6*y - 157. List the prime factors of x(-2).
2, 3, 67
Suppose -5*z = -2*t + 569 + 699, -4*z - 996 = 3*t. Let a = -160 - z. Let g = a + -62. List the prime factors of g.
2, 3, 5
Let n be 6/4*(100/12 + -1). Suppose 4436 = n*y - 360. List the prime factors of y.
2, 109
Let q(r) = -16*r - 13. Let k = -109 - -105. Let n be q(k). Suppose -a - n = -237. What are the prime facto